(m) = 828*m + 15028. Give u(-18).
124
Let o(w) = 90*w**2 + 2677*w - 75. What is o(-30)?
615
Let o(t) = -4347*t - 34786. Determine o(-8).
-10
Let u(h) = -3*h**3 + 20*h**2 - 1486*h + 10341. What is u(7)?
-110
Let j(z) = 70158*z - 10944635. Determine j(156).
13
Let i(z) = -2*z**2 + 8435*z + 109846. Calculate i(-13).
-147
Let b(d) = d**3 + 74*d**2 - 4563*d + 40. What is b(-114)?
382
Let f(j) = -515*j + 19216. Give f(32).
2736
Let w(k) = k**2 - 270*k - 4502. Determine w(-16).
74
Let p(l) = -69*l**3 - 1723*l**2 + 1491*l + 36038. Determine p(-25).
13
Let a(t) = 18531*t + 759763. What is a(-41)?
-8
Let t(n) = -3514*n + 435783. Calculate t(124).
47
Let i(d) = d**2 - 293*d + 13988. Determine i(237).
716
Let x(f) = f**3 - 140*f**2 + 115*f + 3609. Determine x(139).
273
Let c(d) = 39*d**2 + 726*d + 1567. Determine c(-16).
-65
Let h(c) = 75*c**2 + 2479*c + 12376. Calculate h(-5).
1856
Let p(o) = -3533*o**2 + o - 47. Give p(0).
-47
Let l(b) = -3*b**3 - 38*b**2 - 98*b - 54. Calculate l(-8).
-166
Let o(x) = 793*x - 2254. Give o(3).
125
Let d(t) = -8*t**3 + t**2 + 3*t - 1464. Calculate d(0).
-1464
Let o(g) = 2*g**3 - 115*g**2 + 772*g - 33824. What is o(56)?
0
Let l(c) = 7*c**2 - 537*c + 498. Calculate l(76).
118
Let l(m) = -3*m**2 - 338*m - 5559. Calculate l(-93).
-72
Let i(x) = 160*x + 2963. Give i(-14).
723
Let a(l) = 44*l - 1831. What is a(25)?
-731
Let m(u) = 96*u**2 - 6036*u - 900. What is m(63)?
-144
Let p(q) = -q**2 - 6626*q + 39783. Determine p(6).
-9
Let j(m) = 14048*m - 716470. What is j(51)?
-22
Let i(u) = 3*u**2 - 258*u - 1641. What is i(92)?
15
Let x(n) = 11*n**2 + 325*n - 67. Calculate x(-22).
-1893
Let d(z) = -z**3 - 14*z**2 - 46*z - 27. Determine d(-14).
617
Let b(c) = -c**2 - 677*c - 30812. Determine b(-49).
-40
Let i(m) = -105*m + 3746. Give i(51).
-1609
Let h(n) = n**3 + 60*n**2 + 93*n - 900. Give h(-5).
10
Let l(q) = q**3 + 2*q**2 + 62907*q + 251659. What is l(-4)?
-1
Let t(s) = 3*s**3 - 35*s**2 - 226*s + 22. Calculate t(17).
804
Let l(r) = r**2 - 1338*r - 17575. What is l(-13)?
-12
Let z(c) = 250727*c - 7772530. Calculate z(31).
7
Let f(i) = 6*i**2 - 292*i - 11223. Give f(79).
3155
Let y(m) = m**3 + 71*m**2 - 163*m - 763. Determine y(-73).
478
Let u(g) = -g**3 + 244*g**2 + 3072*g + 386. What is u(256)?
386
Let a(b) = -3539*b + 76140. What is a(20)?
5360
Let p(m) = -31065*m - 590353. Give p(-19).
-118
Let j(x) = -27*x**3 - 18*x**2 - 19*x - 2. What is j(-1)?
26
Let t(v) = -12*v**2 + 727*v + 4797. Determine t(-6).
3
Let v(m) = 54*m**3 - 2*m**2 - 21*m - 42. Give v(-2).
-440
Let s(i) = -13719*i + 3086770. Calculate s(225).
-5
Let a(p) = 25998*p + 6629459. What is a(-255)?
-31
Let o(y) = 1438*y + 100703. Give o(-70).
43
Let t(v) = 8*v**3 - 49*v**2 + 51*v - 34. What is t(5)?
-4
Let x(f) = -f**3 + 139*f**2 - 2027*f - 5673. Determine x(122).
61
Let x(g) = -102518*g - 410197. Determine x(-4).
-125
Let w(u) = 2*u**2 + 1223*u + 123408. What is w(-484)?
-12
Let q(w) = -23*w**2 - 1121*w + 2258. Calculate q(2).
-76
Let j(t) = 4003*t**2 + 92044*t + 38. Calculate j(-23).
613
Let t(s) = -14597*s - 175154. Calculate t(-12).
10
Let v(m) = -2510*m + 37861. Calculate v(15).
211
Let i(v) = v**3 + 365*v**2 + 371*v + 2524. Determine i(-364).
-24
Let n(z) = z**3 + z**2 - 85*z + 546. Calculate n(6).
288
Let z(v) = 5*v**2 - 188*v + 1388. Determine z(33).
629
Let n(a) = 853616*a - 1707224. Determine n(2).
8
Let a(p) = -10*p**2 - 14382*p - 100617. What is a(-7)?
-433
Let z(b) = 8*b**2 - 1519*b + 71813. Determine z(101).
2
Let u(x) = -60*x - 1838. Calculate u(-32).
82
Let g(q) = 151*q - 6984. What is g(46)?
-38
Let h(b) = 2126*b + 68146. Determine h(-33).
-2012
Let c(t) = -t**3 + 87*t**2 - 322*t + 266. Give c(2).
-38
Let p(r) = r**3 - 239*r**2 + 938*r + 743. What is p(235)?
273
Let y(c) = -19195*c - 326160. Determine y(-17).
155
Let f(p) = -3*p**2 + 11846*p + 118757. Determine f(-10).
-3
Let b(f) = 9266*f + 27776. Calculate b(-3).
-22
Let g(h) = h**2 + 82*h - 1793. What is g(-91)?
-974
Let s(i) = -5*i**3 + 25*i**2 + 56*i - 528. Give s(11).
-3542
Let j(g) = -4195685*g + 4195677. What is j(1)?
-8
Let r(x) = -2*x**3 + 99*x**2 + 61*x - 584. Give r(50).
-34
Let f(x) = -x**3 + 948*x**2 - 41484*x - 383. Determine f(46).
-15
Let f(r) = -4*r**3 + 47*r**2 + 43*r + 7. Calculate f(-2).
141
Let a(b) = b**2 + 8865*b + 115110. Give a(-13).
34
Let a(u) = -10*u**3 - 75*u**2 + 28*u - 98. Calculate a(-8).
-2
Let p(m) = m**3 - 132*m**2 - 268*m - 2222. Calculate p(134).
-2222
Let j(w) = -w**3 - 58*w**2 + 680*w + 163. Calculate j(14).
-4429
Let g(q) = -q**3 - 88*q**2 + 49*q + 19050. What is g(-86)?
44
Let j(k) = -k**2 - 4765*k + 66593. What is j(14)?
-313
Let q(p) = 2*p**2 + 16289*p - 7338074. Determine q(428).
-14
Let x(z) = -2*z**2 - 7088*z + 491268. Determine x(68).
36
Let a(w) = -576*w - 23879. Give a(-41).
-263
Let m(d) = -2*d**3 + 28*d**2 + 72*d - 71. Calculate m(-7).
1483
Let y(c) = 3283*c - 3172. Give y(1).
111
Let d(a) = -1967*a - 27880. Determine d(-14).
-342
Let c(s) = -29*s + 3200. Calculate c(120).
-280
Let q(u) = 1519*u + 21751. Give q(-14).
485
Let p(x) = 614*x + 10528. What is p(-21)?
-2366
Let y(o) = 76*o - 10439. Calculate y(179).
3165
Let m(v) = 10*v**2 - 1977*v - 13966. Give m(-7).
363
Let o(k) = 346084*k + 1038245. Give o(-3).
-7
Let k(h) = -41*h**2 + 13734*h - 27465. Determine k(2).
-161
Let k(z) = 36*z + 10633. Determine k(-287).
301
Let o(n) = 422*n**3 + 35*n - 35. What is o(1)?
422
Let m(f) = 2277*f - 136584. What is m(60)?
36
Let s(a) = 49*a**2 - 1479*a - 24808. Determine s(-12).
-4
Let o(t) = 4*t**2 - 1839*t - 5572. Calculate o(-3).
-19
Let u(w) = 37*w**3 + 141*w**2 - 29*w - 85. Give u(-4).
-81
Let h(a) = a**3 + 497*a**2 + 14445*a - 435. Give h(-466).
31
Let i(q) = q**3 + 17*q**2 - 115*q - 20. Give i(-22).
90
Let x(n) = n**3 + 9*n**2 + 8*n + 604. Determine x(-11).
274
Let z(u) = 4*u**3 - 102*u**2 + 63*u - 138. Give z(25).
187
Let r(i) = -i**3 - 180*i**2 - 4133*i - 325. What is r(-153)?
-19
Let y(w) = 3724*w + 29430. What is y(-8)?
-362
Let u(w) = -304984*w + 8844541. What is u(29)?
5
Let a(s) = -2*s**2 + 346*s + 2135. Calculate a(179).
-13
Let y(q) = -4883*q + 34593. Give y(7).
412
Let a(c) = 234*c - 34428. Give a(150).
672
Let u(z) = 5*z**2 + 88*z - 1263. Calculate u(-27).
6
Let p(q) = -3*q**3 - 6*q**2 - 38*q - 55. Give p(-5).
360
Let p(q) = 2*q**2 + 21915*q + 153304. Give p(-7).
-3
Let b(m) = 4*m**2 + 787*m + 15205. What is b(-175)?
-20
Let n(r) = -2*r**2 - 44*r + 7350. Calculate n(-65).
1760
Let x(o) = -2021*o + 2615178. Determine x(1294).
4
Let j(k) = -600*k + 953. Calculate j(1).
353
Let l(t) = t**3 + 27*t**2 - 77*t + 40. Give l(-28).
1412
Let l(m) = m**2 + 8172*m - 535399. Calculate l(65).
6
Let t(u) = u**2 + 1361*u + 462383. Determine t(-654).
5
Let j(u) = 6*u**3 - 5*u**2 + 15*u + 22. Give j(-1).
-4
Let b(f) = f**2 + 1906*f - 315032. What is b(153)?
-5
Let j(y) = 2*y**3 + 62*y**2 + 389*y - 159. What is j(-22)?
-5
Let u(d) = -d**2 - 335*d - 9999. Determine u(-33).
-33
Let f(g) = g**2 - 2373*g + 1173024. Calculate f(702).
-18
Let y(i) = 21*i**3 + 180*i**2 - 560*i - 33. What is y(-11)?
-44
Let c(k) = 234*k + 8591. Determine c(-37).
-67
Let z(q) = 22*q**3 + 4*q**2 - 11*q - 60. Give z(4).
1368
Let c(i) = -168*i**2 - 266107*i + 7917. Determine c(-1584).
-3
Let b(v) = -v**3 - 2834*v**2 + 323825*v - 44161. What is b(-2944)?
-1
Let h(d) = -677*d + 23275. Calculate h(34).
257
Let h(c) = 1575*c + 628253. Give h(-399).
-172
Let d(k) = 281*k + 34614. Determine d(-122).
332
Let t(k) = -2*k**3 - 43*k**2 - 243*k - 130. What is t(-12)?
50
Let r(y) = 5970*y**2 - 244770*y + 31. What is r(41)?
31
Let v(n) = -4953*n + 271016. Give v(55).
-1399
Let f(u) = -u**3 + 99*u**2 + 286*u - 18541. Determine f(100).
59
Let b(u) = -u**2 + 7868*u - 723071. What is b(93)?
4
Let q(x) = -2562*x + 128099. Determine q(50).
-1
Let k(g) = -37*g**3 + 1367*g**2 + 85*g - 393. Give k(37).
14
Let z(r) = -r**3 - 91*r**2 + 2362*r - 193. Determine z(21).
17
Let g(f) = -2*f**3 - f**2 + 159*f + 2326. What is g(0)?
2326
Let n(d) = 9185*d + 1028759. Determine n(-112).
39
Let m(t) = -4324*t**2 - 25947*t - 12. Calculate m(-6).
6
Let l(g) = g**3 - 409*g**2 + 6307*g - 7483. Determine l(393).
-16
Let r(j) = -15*j**3 - 9210*j**2 + 42*j + 25799. What is r(-614)?
11
Let n(b) = 21970*b + 31966351. Determine n(-1455)